{"id":92,"date":"2025-11-09T20:39:07","date_gmt":"2025-11-09T19:39:07","guid":{"rendered":"https:\/\/wistosc.pl\/?page_id=92"},"modified":"2025-11-10T15:08:42","modified_gmt":"2025-11-10T14:08:42","slug":"o-fundacji","status":"publish","type":"page","link":"https:\/\/wistosc.pl\/?page_id=92","title":{"rendered":"O FUNDACJI"},"content":{"rendered":"\n<p class=\"has-black-color has-text-color has-link-color wp-elements-1 wp-block-paragraph\"><strong>Fundacja Wisto\u015b\u0107 im. Jana Kaspra <\/strong>powsta\u0142a z mi\u0142o\u015bci i wdzi\u0119czno\u015bci. <strong><em>Jan Kasper<\/em><\/strong> by\u0142 dla nas pocz\u0105tkiem aktywno\u015bci w szeroko rozumianej kulturze \u2013 teatrze, muzyce, poezji. Dzi\u0119ki niemu od nastoletnich lat pracowali\u015bmy z lud\u017ami i dla ludzi. Dzi\u0119ki Messerowi dzia\u0142anie to dla nas <strong>oczyWISTO\u015a\u0106! <\/strong>G\u0142\u00f3wnym celem fundacji jest propagowanie tw\u00f3rczo\u015bci Jana Kaspra poprzez wsp\u00f3\u0142prac\u0119 z m\u0142odzie\u017c\u0105 i doros\u0142ymi w ramach dzia\u0142a\u0144 kulturalnych.<\/p>\n\n\n\n<p class=\"wp-block-paragraph\"><\/p>\n","protected":false},"excerpt":{"rendered":"<p>Fundacja Wisto\u015b\u0107 im. Jana Kaspra powsta\u0142a z mi\u0142o\u015bci i wdzi\u0119czno\u015bci. Jan Kasper by\u0142 dla nas pocz\u0105tkiem aktywno\u015bci w szeroko rozumianej kulturze \u2013 teatrze, muzyce, poezji. Dzi\u0119ki niemu od nastoletnich lat pracowali\u015bmy z lud\u017ami i dla ludzi. Dzi\u0119ki Messerowi dzia\u0142anie to dla nas oczyWISTO\u015a\u0106! G\u0142\u00f3wnym celem fundacji jest propagowanie tw\u00f3rczo\u015bci Jana Kaspra poprzez wsp\u00f3\u0142prac\u0119 z m\u0142odzie\u017c\u0105&hellip; <br \/> <a class=\"read-more\" href=\"https:\/\/wistosc.pl\/?page_id=92\">Read more<\/a><\/p>\n","protected":false},"author":1,"featured_media":0,"parent":0,"menu_order":0,"comment_status":"closed","ping_status":"closed","template":"","meta":{"footnotes":""},"class_list":["post-92","page","type-page","status-publish","hentry"],"yoast_head":"<!-- This site is optimized with the Yoast SEO plugin v28.4 - https:\/\/yoast.com\/product\/yoast-seo-wordpress\/ -->\n<title>O FUNDACJI - Fundacja Wisto\u015b\u0107 im. Jana Kaspra<\/title>\n<meta name=\"robots\" content=\"index, follow, max-snippet:-1, max-image-preview:large, max-video-preview:-1\" \/>\n<link rel=\"canonical\" href=\"https:\/\/wistosc.pl\/?page_id=92\" \/>\n<meta property=\"og:locale\" content=\"en_US\" \/>\n<meta property=\"og:type\" content=\"article\" \/>\n<meta property=\"og:title\" content=\"O FUNDACJI - Fundacja Wisto\u015b\u0107 im. Jana Kaspra\" \/>\n<meta property=\"og:description\" content=\"Fundacja Wisto\u015b\u0107 im. Jana Kaspra powsta\u0142a z mi\u0142o\u015bci i wdzi\u0119czno\u015bci. Jan Kasper by\u0142 dla nas pocz\u0105tkiem aktywno\u015bci w szeroko rozumianej kulturze \u2013 teatrze, muzyce, poezji. Dzi\u0119ki niemu od nastoletnich lat pracowali\u015bmy z lud\u017ami i dla ludzi. Dzi\u0119ki Messerowi dzia\u0142anie to dla nas oczyWISTO\u015a\u0106! G\u0142\u00f3wnym celem fundacji jest propagowanie tw\u00f3rczo\u015bci Jana Kaspra poprzez wsp\u00f3\u0142prac\u0119 z m\u0142odzie\u017c\u0105&hellip; Read more\" \/>\n<meta property=\"og:url\" content=\"https:\/\/wistosc.pl\/?page_id=92\" \/>\n<meta property=\"og:site_name\" content=\"Fundacja Wisto\u015b\u0107 im. Jana Kaspra\" \/>\n<meta property=\"article:modified_time\" content=\"2025-11-10T14:08:42+00:00\" \/>\n<meta name=\"twitter:card\" content=\"summary_large_image\" \/>\n<script type=\"application\/ld+json\" class=\"yoast-schema-graph\">{\"@context\":\"https:\\\/\\\/schema.org\",\"@graph\":[{\"@type\":\"WebPage\",\"@id\":\"https:\\\/\\\/wistosc.pl\\\/?page_id=92\",\"url\":\"https:\\\/\\\/wistosc.pl\\\/?page_id=92\",\"name\":\"O FUNDACJI - Fundacja Wisto\u015b\u0107 im. Jana Kaspra\",\"isPartOf\":{\"@id\":\"https:\\\/\\\/wistosc.pl\\\/#website\"},\"datePublished\":\"2025-11-09T19:39:07+00:00\",\"dateModified\":\"2025-11-10T14:08:42+00:00\",\"breadcrumb\":{\"@id\":\"https:\\\/\\\/wistosc.pl\\\/?page_id=92#breadcrumb\"},\"inLanguage\":\"en-US\",\"potentialAction\":[{\"@type\":\"ReadAction\",\"target\":[\"https:\\\/\\\/wistosc.pl\\\/?page_id=92\"]}]},{\"@type\":\"BreadcrumbList\",\"@id\":\"https:\\\/\\\/wistosc.pl\\\/?page_id=92#breadcrumb\",\"itemListElement\":[{\"@type\":\"ListItem\",\"position\":1,\"name\":\"Strona g\u0142\u00f3wna\",\"item\":\"https:\\\/\\\/wistosc.pl\\\/\"},{\"@type\":\"ListItem\",\"position\":2,\"name\":\"O FUNDACJI\"}]},{\"@type\":\"WebSite\",\"@id\":\"https:\\\/\\\/wistosc.pl\\\/#website\",\"url\":\"https:\\\/\\\/wistosc.pl\\\/\",\"name\":\"Fundacja Wisto\u015b\u0107 im. Jana Kaspra\",\"description\":\"\",\"publisher\":{\"@id\":\"https:\\\/\\\/wistosc.pl\\\/#organization\"},\"potentialAction\":[{\"@type\":\"SearchAction\",\"target\":{\"@type\":\"EntryPoint\",\"urlTemplate\":\"https:\\\/\\\/wistosc.pl\\\/?s={search_term_string}\"},\"query-input\":{\"@type\":\"PropertyValueSpecification\",\"valueRequired\":true,\"valueName\":\"search_term_string\"}}],\"inLanguage\":\"en-US\"},{\"@type\":\"Organization\",\"@id\":\"https:\\\/\\\/wistosc.pl\\\/#organization\",\"name\":\"Fundacja Wisto\u015b\u0107 im. Jana Kaspra\",\"url\":\"https:\\\/\\\/wistosc.pl\\\/\",\"logo\":{\"@type\":\"ImageObject\",\"inLanguage\":\"en-US\",\"@id\":\"https:\\\/\\\/wistosc.pl\\\/#\\\/schema\\\/logo\\\/image\\\/\",\"url\":\"https:\\\/\\\/wistosc.pl\\\/wp-content\\\/uploads\\\/2025\\\/11\\\/cropped-napis_wistosc.png\",\"contentUrl\":\"https:\\\/\\\/wistosc.pl\\\/wp-content\\\/uploads\\\/2025\\\/11\\\/cropped-napis_wistosc.png\",\"width\":843,\"height\":179,\"caption\":\"Fundacja Wisto\u015b\u0107 im. Jana Kaspra\"},\"image\":{\"@id\":\"https:\\\/\\\/wistosc.pl\\\/#\\\/schema\\\/logo\\\/image\\\/\"}}]}<\/script>\n<!-- \/ Yoast SEO plugin. -->","yoast_head_json":{"title":"O FUNDACJI - Fundacja Wisto\u015b\u0107 im. Jana Kaspra","robots":{"index":"index","follow":"follow","max-snippet":"max-snippet:-1","max-image-preview":"max-image-preview:large","max-video-preview":"max-video-preview:-1"},"canonical":"https:\/\/wistosc.pl\/?page_id=92","og_locale":"en_US","og_type":"article","og_title":"O FUNDACJI - Fundacja Wisto\u015b\u0107 im. Jana Kaspra","og_description":"Fundacja Wisto\u015b\u0107 im. Jana Kaspra powsta\u0142a z mi\u0142o\u015bci i wdzi\u0119czno\u015bci. Jan Kasper by\u0142 dla nas pocz\u0105tkiem aktywno\u015bci w szeroko rozumianej kulturze \u2013 teatrze, muzyce, poezji. Dzi\u0119ki niemu od nastoletnich lat pracowali\u015bmy z lud\u017ami i dla ludzi. Dzi\u0119ki Messerowi dzia\u0142anie to dla nas oczyWISTO\u015a\u0106! G\u0142\u00f3wnym celem fundacji jest propagowanie tw\u00f3rczo\u015bci Jana Kaspra poprzez wsp\u00f3\u0142prac\u0119 z m\u0142odzie\u017c\u0105&hellip; Read more","og_url":"https:\/\/wistosc.pl\/?page_id=92","og_site_name":"Fundacja Wisto\u015b\u0107 im. Jana Kaspra","article_modified_time":"2025-11-10T14:08:42+00:00","twitter_card":"summary_large_image","schema":{"@context":"https:\/\/schema.org","@graph":[{"@type":"WebPage","@id":"https:\/\/wistosc.pl\/?page_id=92","url":"https:\/\/wistosc.pl\/?page_id=92","name":"O FUNDACJI - Fundacja Wisto\u015b\u0107 im. Jana Kaspra","isPartOf":{"@id":"https:\/\/wistosc.pl\/#website"},"datePublished":"2025-11-09T19:39:07+00:00","dateModified":"2025-11-10T14:08:42+00:00","breadcrumb":{"@id":"https:\/\/wistosc.pl\/?page_id=92#breadcrumb"},"inLanguage":"en-US","potentialAction":[{"@type":"ReadAction","target":["https:\/\/wistosc.pl\/?page_id=92"]}]},{"@type":"BreadcrumbList","@id":"https:\/\/wistosc.pl\/?page_id=92#breadcrumb","itemListElement":[{"@type":"ListItem","position":1,"name":"Strona g\u0142\u00f3wna","item":"https:\/\/wistosc.pl\/"},{"@type":"ListItem","position":2,"name":"O FUNDACJI"}]},{"@type":"WebSite","@id":"https:\/\/wistosc.pl\/#website","url":"https:\/\/wistosc.pl\/","name":"Fundacja Wisto\u015b\u0107 im. Jana Kaspra","description":"","publisher":{"@id":"https:\/\/wistosc.pl\/#organization"},"potentialAction":[{"@type":"SearchAction","target":{"@type":"EntryPoint","urlTemplate":"https:\/\/wistosc.pl\/?s={search_term_string}"},"query-input":{"@type":"PropertyValueSpecification","valueRequired":true,"valueName":"search_term_string"}}],"inLanguage":"en-US"},{"@type":"Organization","@id":"https:\/\/wistosc.pl\/#organization","name":"Fundacja Wisto\u015b\u0107 im. Jana Kaspra","url":"https:\/\/wistosc.pl\/","logo":{"@type":"ImageObject","inLanguage":"en-US","@id":"https:\/\/wistosc.pl\/#\/schema\/logo\/image\/","url":"https:\/\/wistosc.pl\/wp-content\/uploads\/2025\/11\/cropped-napis_wistosc.png","contentUrl":"https:\/\/wistosc.pl\/wp-content\/uploads\/2025\/11\/cropped-napis_wistosc.png","width":843,"height":179,"caption":"Fundacja Wisto\u015b\u0107 im. Jana Kaspra"},"image":{"@id":"https:\/\/wistosc.pl\/#\/schema\/logo\/image\/"}}]}},"_links":{"self":[{"href":"https:\/\/wistosc.pl\/index.php?rest_route=\/wp\/v2\/pages\/92","targetHints":{"allow":["GET"]}}],"collection":[{"href":"https:\/\/wistosc.pl\/index.php?rest_route=\/wp\/v2\/pages"}],"about":[{"href":"https:\/\/wistosc.pl\/index.php?rest_route=\/wp\/v2\/types\/page"}],"author":[{"embeddable":true,"href":"https:\/\/wistosc.pl\/index.php?rest_route=\/wp\/v2\/users\/1"}],"replies":[{"embeddable":true,"href":"https:\/\/wistosc.pl\/index.php?rest_route=%2Fwp%2Fv2%2Fcomments&post=92"}],"version-history":[{"count":12,"href":"https:\/\/wistosc.pl\/index.php?rest_route=\/wp\/v2\/pages\/92\/revisions"}],"predecessor-version":[{"id":241,"href":"https:\/\/wistosc.pl\/index.php?rest_route=\/wp\/v2\/pages\/92\/revisions\/241"}],"wp:attachment":[{"href":"https:\/\/wistosc.pl\/index.php?rest_route=%2Fwp%2Fv2%2Fmedia&parent=92"}],"curies":[{"name":"wp","href":"https:\/\/api.w.org\/{rel}","templated":true}]}}

<p class="has-black-color has-text-color has-link-color wp-elements-1 wp-block-paragraph"><strong>Fundacja Wistość im. Jana Kaspra </strong>powstała z miłości i wdzięczności. <strong><em>Jan Kasper</em></strong> był dla nas początkiem aktywności w szeroko rozumianej kulturze – teatrze, muzyce, poezji. Dzięki niemu od nastoletnich lat pracowaliśmy z ludźmi i dla ludzi. Dzięki Messerowi działanie to dla nas <strong>oczyWISTOŚĆ! </strong>Głównym celem fundacji jest propagowanie twórczości Jana Kaspra poprzez współpracę z młodzieżą i dorosłymi w ramach działań kulturalnych.</p>



<p class="wp-block-paragraph"></p>

<p>Fundacja Wistość im. Jana Kaspra powstała z miłości i wdzięczności. Jan Kasper był dla nas początkiem aktywności w szeroko rozumianej kulturze – teatrze, muzyce, poezji. Dzięki niemu od nastoletnich lat pracowaliśmy z ludźmi i dla ludzi. Dzięki Messerowi działanie to dla nas oczyWISTOŚĆ! Głównym celem fundacji jest propagowanie twórczości Jana Kaspra poprzez współpracę z młodzieżą&hellip; <br /> <a class="read-more" href="https://wistosc.pl/?page_id=92">Read more</a></p>

<!-- This site is optimized with the Yoast SEO plugin v28.4 - https://yoast.com/product/yoast-seo-wordpress/ -->
<title>O FUNDACJI - Fundacja Wistość im. Jana Kaspra</title>
<meta name="robots" content="index, follow, max-snippet:-1, max-image-preview:large, max-video-preview:-1" />
<link rel="canonical" href="https://wistosc.pl/?page_id=92" />
<meta property="og:locale" content="en_US" />
<meta property="og:type" content="article" />
<meta property="og:title" content="O FUNDACJI - Fundacja Wistość im. Jana Kaspra" />
<meta property="og:description" content="Fundacja Wistość im. Jana Kaspra powstała z miłości i wdzięczności. Jan Kasper był dla nas początkiem aktywności w szeroko rozumianej kulturze – teatrze, muzyce, poezji. Dzięki niemu od nastoletnich lat pracowaliśmy z ludźmi i dla ludzi. Dzięki Messerowi działanie to dla nas oczyWISTOŚĆ! Głównym celem fundacji jest propagowanie twórczości Jana Kaspra poprzez współpracę z młodzieżą&hellip; Read more" />
<meta property="og:url" content="https://wistosc.pl/?page_id=92" />
<meta property="og:site_name" content="Fundacja Wistość im. Jana Kaspra" />
<meta property="article:modified_time" content="2025-11-10T14:08:42+00:00" />
<meta name="twitter:card" content="summary_large_image" />
<script type="application/ld+json" class="yoast-schema-graph">{"@context":"https:\/\/schema.org","@graph":[{"@type":"WebPage","@id":"https:\/\/wistosc.pl\/?page_id=92","url":"https:\/\/wistosc.pl\/?page_id=92","name":"O FUNDACJI - Fundacja Wistość im. Jana Kaspra","isPartOf":{"@id":"https:\/\/wistosc.pl\/#website"},"datePublished":"2025-11-09T19:39:07+00:00","dateModified":"2025-11-10T14:08:42+00:00","breadcrumb":{"@id":"https:\/\/wistosc.pl\/?page_id=92#breadcrumb"},"inLanguage":"en-US","potentialAction":[{"@type":"ReadAction","target":["https:\/\/wistosc.pl\/?page_id=92"]}]},{"@type":"BreadcrumbList","@id":"https:\/\/wistosc.pl\/?page_id=92#breadcrumb","itemListElement":[{"@type":"ListItem","position":1,"name":"Strona główna","item":"https:\/\/wistosc.pl\/"},{"@type":"ListItem","position":2,"name":"O FUNDACJI"}]},{"@type":"WebSite","@id":"https:\/\/wistosc.pl\/#website","url":"https:\/\/wistosc.pl\/","name":"Fundacja Wistość im. Jana Kaspra","description":"","publisher":{"@id":"https:\/\/wistosc.pl\/#organization"},"potentialAction":[{"@type":"SearchAction","target":{"@type":"EntryPoint","urlTemplate":"https:\/\/wistosc.pl\/?s={search_term_string}"},"query-input":{"@type":"PropertyValueSpecification","valueRequired":true,"valueName":"search_term_string"}}],"inLanguage":"en-US"},{"@type":"Organization","@id":"https:\/\/wistosc.pl\/#organization","name":"Fundacja Wistość im. Jana Kaspra","url":"https:\/\/wistosc.pl\/","logo":{"@type":"ImageObject","inLanguage":"en-US","@id":"https:\/\/wistosc.pl\/#\/schema\/logo\/image\/","url":"https:\/\/wistosc.pl\/wp-content\/uploads\/2025\/11\/cropped-napis_wistosc.png","contentUrl":"https:\/\/wistosc.pl\/wp-content\/uploads\/2025\/11\/cropped-napis_wistosc.png","width":843,"height":179,"caption":"Fundacja Wistość im. Jana Kaspra"},"image":{"@id":"https:\/\/wistosc.pl\/#\/schema\/logo\/image\/"}}]}</script>
<!-- / Yoast SEO plugin. -->

O FUNDACJI - Fundacja Wistość im. Jana Kaspra

Fundacja Wistość im. Jana Kaspra powstała z miłości i wdzięczności. Jan Kasper był dla nas początkiem aktywności w szeroko rozumianej kulturze – teatrze, muzyce, poezji. Dzięki niemu od nastoletnich lat pracowaliśmy z ludźmi i dla ludzi. Dzięki Messerowi działanie to dla nas oczyWISTOŚĆ! Głównym celem fundacji jest propagowanie twórczości Jana Kaspra poprzez współpracę z młodzieżą&hellip; Read more

Fundacja Wistość im. Jana Kaspra

Strona główna
